atest common divisor of 286401200 and 800?
400
What is the greatest common divisor of 1056 and 64242618?
66
Calculate the greatest common factor of 788935301 and 77.
77
What is the greatest common factor of 7854 and 10451056?
2618
What is the highest common divisor of 3282 and 33543134?
1094
Calculate the greatest common divisor of 917 and 4791587.
131
What is the greatest common factor of 531668565 and 90?
45
Calculate the highest common divisor of 12810 and 91665.
105
Calculate the greatest common divisor of 47313 and 73584.
63
What is the greatest common divisor of 44520460 and 40?
20
What is the greatest common factor of 7200594 and 126?
18
What is the greatest common divisor of 6602654 and 7?
1
Calculate the highest common factor of 1458316427 and 347.
347
What is the greatest common factor of 6231240 and 234?
18
What is the greatest common divisor of 1929109 and 833?
119
Calculate the highest common divisor of 48867 and 1847459.
179
What is the greatest common divisor of 23415387 and 615?
123
Calculate the highest common factor of 110200 and 1855084.
76
What is the greatest common divisor of 450 and 194715?
45
What is the greatest common divisor of 7632 and 872352?
144
What is the highest common divisor of 2388 and 3718514?
398
Calculate the highest common factor of 4176 and 46887838.
58
Calculate the highest common factor of 3927 and 12315996.
231
Calculate the highest common factor of 82566 and 1820205.
3753
Calculate the greatest common factor of 10 and 8826690.
10
Calculate the greatest common divisor of 435314 and 3008.
94
Calculate the highest common divisor of 2397603 and 470496.
507
What is the highest common factor of 17758191 and 561?
33
What is the greatest common divisor of 504 and 8954916?
12
Calculate the highest common divisor of 10374 and 108654.
546
Calculate the highest common factor of 114663752 and 1064.
56
Calculate the greatest common factor of 169710 and 2115.
15
Calculate the greatest common factor of 5 and 2018210.
5
What is the greatest common divisor of 699816909 and 264?
33
Calculate the greatest common divisor of 97656 and 293904.
312
What is the highest common factor of 141336 and 643032?
936
Calculate the greatest common divisor of 156716 and 125836.
772
What is the greatest common factor of 18622 and 1642134515?
9311
Calculate the greatest common divisor of 126 and 2445114.
42
Calculate the highest common factor of 7958 and 1607862.
346
What is the greatest common factor of 13678 and 425696486?
1954
What is the highest common divisor of 10367257 and 48493?
683
Calculate the highest common divisor of 277712 and 72403.
17
Calculate the greatest common divisor of 21204 and 5719500.
1116
Calculate the greatest common factor of 9946 and 89654.
2
Calculate the highest common factor of 578115 and 3132.
261
What is the highest common factor of 10224 and 1300365?
639
Calculate the greatest common divisor of 88275 and 16340775.
825
What is the greatest common factor of 272 and 3556349?
17
Calculate the greatest common factor of 188 and 2520224.
4
Calculate the highest common factor of 58986820 and 23045.
2095
Calculate the greatest common divisor of 207900 and 2925.
225
Calculate the greatest common divisor of 604587 and 82713.
237
What is the highest common divisor of 89094716 and 2172?
724
Calculate the greatest common divisor of 13559 and 449831.
149
What is the highest common divisor of 678941474 and 2152?
538
Calculate the highest common factor of 6148016 and 820166.
6458
What is the highest common factor of 2366403 and 471081?
1833
What is the highest common divisor of 52458 and 3696?
42
Calculate the highest common factor of 150596990 and 10.
10
Calculate the greatest common factor of 21 and 14804979.
21
What is the greatest common divisor of 808 and 32368379?
101
Calculate the greatest common factor of 152851986 and 4848.
606
Calculate the greatest common factor of 2788119 and 4311.
9
Calculate the highest common divisor of 2987 and 1771639.
29
What is the greatest common divisor of 15 and 49377060?
15
Calculate the highest common divisor of 4623 and 1568202.
201
Calculate the greatest common divisor of 88 and 145188923.
11
What is the greatest common factor of 263029712 and 16?
16
Calculate the greatest common factor of 3021912 and 347283.
423
Calculate the highest common factor of 120 and 9816090.
30
What is the highest common divisor of 2478 and 3127?
59
Calculate the greatest common divisor of 216775614 and 726.
726
Calculate the greatest common divisor of 3872 and 1033219.
121
What is the greatest common factor of 181797060 and 1840?
460
What is the highest common factor of 51216 and 50514981?
3201
What is the highest common divisor of 1136 and 11866585?
71
What is the highest common divisor of 261616974 and 354?
354
Calculate the greatest common factor of 47889 and 61723287.
2817
Calculate the highest common divisor of 28 and 472125766.
14
Calculate the highest common divisor of 94015987 and 31928.
3991
Calculate the greatest common factor of 3622 and 880845046.
3622
What is the greatest common factor of 90896 and 432?
16
Calculate the greatest common divisor of 41852391 and 42.
21
What is the greatest common factor of 6692040 and 75?
15
Calculate the greatest common divisor of 13248287 and 119.
17
Calculate the greatest common factor of 12 and 106526604.
12
Calculate the highest common factor of 225 and 1021320.
45
Calculate the highest common factor of 2541 and 5593.
7
Calculate the highest common divisor of 345 and 387153825.
345
What is the highest common divisor of 398305794 and 2?
2
What is the greatest common divisor of 10650 and 8793350?
3550
What is the greatest common divisor of 831 and 30565288?
277
What is the greatest common divisor of 55 and 239873755?
55
Calculate the greatest common factor of 35618390 and 4204.
2102
What is the greatest common factor of 158610528 and 1152?
288
What is the greatest common factor of 69224 and 2536?
8
Calculate the highest common factor of 710 and 23774705.
355
Calculate the highest common divisor of 110 and 24174425.
55
What is the greatest common factor of 22941612 and 18910?
3782
Calculate the highest common factor of 5080 and 44534836.
508
Calculate the highest common divisor of 9711 and 7615582.
1079
Calculate the greatest common factor of 2779206 and 1254.
114
Calculate the greatest common factor of 2140 and 131190.
10
What is the greatest common factor of 1438055 and 5?
5
Calculate the highest common divisor of 143602041 and 4554.
759
What is the highest common divisor of 5832 and 221203386?
1458
Calculate the highest common divisor of 160563 and 490659.
897
Calculate the greatest common factor of 1137 and 91119559.
379
What is the highest common divisor of 3358 and 2281542?
146
Calculate the greatest common factor of 317356 and 1128868.
884
Calculate the greatest common divisor of 881670 and 38730.
30
What is the highest common divisor of 5819 and 9778703?
253
What is the highest common factor of 284557830 and 30?
30
Calculate the greatest common factor of 110333 and 17803.
19
Calculate the highest common divisor of 4187154 and 12.
6
Calculate the greatest common factor of 12 and 304010760.
12
What is the greatest common factor of 2582 and 337038788?
2582
Calculate the highest common factor of 2403114 and 4466.
406
Calculate the greatest common factor of 27874 and 2228534.
154
What is the highest common factor of 2578034 and 1292?
38
What is the highest common divisor of 43351179 and 727923?
6117
Calculate the greatest common factor of 61076704 and 338.
26
Calculate the greatest common divisor of 345 and 31801065.
345
What is the highest common factor of 469443 and 312?
39
What is the highest common factor of 7900822 and 5198?
46
Calculate the greatest common factor of 5145696 and 360.
72
Calculate the greatest common divisor of 192 and 17702976.
192
Calculate the highest common factor of 5562921 and 343356.
2769
Calculate the highest common factor of 1656017 and 4741.
11
Calculate the greatest common divisor of 2966373 and 36.
9
What is the greatest common divisor of 2917867 and 1341?
149
What is the greatest common factor of 4960 and 82323680?
160
What is the highest common factor of 80 and 15259184?
16
Calculate the greatest common divisor 